-- Adminer 4.7.6 MySQL dump

SET foreign_key_checks = 0;
SET sql_mode = 'NO_AUTO_VALUE_ON_ZERO';


TRUNCATE `answer`;
INSERT INTO `answer` (`id`, `question_id`, `user_id`, `body`, `created_at`, `votes`, `is_validated`, `is_blocked`) VALUES
(30,	30,	8,	'Et id nostrum amet et animi eveniet. Eos quis delectus labore vel. Fugiat pariatur odit accusamus sed aut dolore. Iste dolores voluptas sint.',	'2014-10-04 02:35:35',	0,	0,	0),
(31,	42,	12,	'Minima vitae accusamus sint consequatur. Fugit distinctio saepe sunt velit necessitatibus. Sed accusantium numquam a voluptatum harum deserunt autem et.',	'1996-06-12 01:34:35',	0,	0,	0),
(32,	31,	10,	'Qui omnis et dolore soluta asperiores. Nihil tempore vel eveniet aut ipsa doloremque. Repellat saepe ut accusantium id vel. Natus aperiam distinctio qui minus aspernatur maiores cupiditate. Deserunt enim et quaerat qui quas adipisci perspiciatis.',	'2021-05-12 00:20:32',	0,	0,	0),
(33,	41,	13,	'Est rerum est maxime ducimus. Praesentium porro aspernatur repudiandae non repudiandae quaerat debitis. Labore porro eos ut quae eligendi. Corrupti commodi delectus laudantium adipisci aut ipsam quia. Sunt inventore eum voluptatibus minus.',	'1992-12-13 04:04:50',	0,	0,	0),
(34,	33,	13,	'Ipsam voluptatem sit in dolorum ipsam consequuntur. Eaque veritatis magnam ea sit et. Ab error est ratione iusto voluptatem deleniti cumque cum. Qui esse vel suscipit aut eligendi. Ullam dicta alias cum voluptates dignissimos.',	'1990-11-23 11:56:55',	0,	0,	0),
(35,	51,	12,	'Cumque dolor facere ut nostrum veniam qui. Sed est molestiae tempora ea corporis fugiat sequi.',	'1999-06-17 03:22:21',	0,	0,	0),
(36,	31,	8,	'Laborum omnis cum cupiditate vero iste. Sequi eligendi distinctio ea earum. Placeat dolor id et qui suscipit rerum. Velit molestiae est qui praesentium.',	'1995-10-22 07:45:35',	0,	0,	0),
(37,	46,	11,	'Minima earum atque officia dignissimos et et. A velit qui possimus adipisci. Ea mollitia cupiditate voluptatem animi neque laborum magnam. Dolores est ea eius sed.',	'1985-11-27 12:47:45',	0,	0,	0),
(38,	31,	9,	'Ea magnam sint voluptatem ex rem ab. Officiis quod aut perferendis quo asperiores.',	'1993-02-14 12:32:28',	0,	0,	0),
(39,	52,	14,	'Qui quis aut similique tempora consectetur qui. Asperiores veniam possimus officiis id eveniet mollitia. Et eum voluptatibus vel fuga architecto nulla. Pariatur dolor aut rerum possimus expedita veritatis soluta. Sunt praesentium alias qui sunt repellat accusamus.',	'1986-11-17 16:03:06',	0,	0,	0),
(40,	48,	9,	'Iure voluptas exercitationem qui sed. Maxime in cum commodi voluptas ea natus quam. Aliquid inventore qui recusandae iste qui sint aut. Dolor est beatae magnam magnam ut officia debitis voluptatibus. Nobis laboriosam rerum magni quis sequi soluta.',	'1977-03-14 02:50:43',	0,	0,	0),
(41,	52,	13,	'Voluptatem ea error a a nihil maxime quis. Omnis est eum numquam fuga. Amet quidem ratione sit nobis ipsum ad autem. Qui magni cum eveniet placeat ea eius perspiciatis.',	'1974-02-22 08:42:02',	0,	0,	0),
(42,	45,	13,	'Voluptatum delectus inventore laborum. Saepe vel ut rerum qui et. Omnis assumenda libero minima et quibusdam molestiae.',	'1984-06-06 20:51:07',	0,	0,	0),
(43,	56,	14,	'Voluptas qui voluptate voluptatem minima nesciunt. Sit doloribus exercitationem natus dolores qui repellat. Sunt aut magnam illum dicta exercitationem facere. Molestiae qui dolor sunt eum error consequatur est.',	'1980-09-27 04:34:52',	0,	0,	0),
(44,	54,	14,	'Ducimus ut quia et aut commodi et non sed. Iure totam enim voluptatibus sit odit qui.',	'2022-08-06 07:32:28',	0,	0,	0),
(45,	40,	12,	'Debitis alias non qui autem iusto libero. Id qui dolorum blanditiis et. Sint vel ut aut. Tempore ratione molestiae hic aut.',	'1986-09-09 22:39:53',	0,	0,	0),
(46,	39,	12,	'Id quas asperiores hic consequuntur occaecati a qui. Temporibus beatae voluptatum voluptatibus quod ea. Esse sunt deserunt adipisci voluptatem modi. Repellat est excepturi sit temporibus est.',	'2013-02-22 08:09:16',	0,	0,	0),
(47,	34,	14,	'Odio quibusdam rem quas. Enim autem dignissimos quia aliquam minima. Ex dolor ut corporis atque ea corrupti eum. Quam id maxime temporibus molestiae voluptas tenetur aut et.',	'1999-04-20 00:18:46',	0,	1,	0),
(48,	34,	10,	'Laudantium itaque et qui ipsa aspernatur laboriosam. Quisquam temporibus ab aliquam molestias ratione omnis et. Officiis distinctio velit vitae blanditiis deleniti.',	'1984-05-11 02:50:29',	0,	0,	0),
(49,	39,	13,	'Non molestiae sed qui consectetur suscipit a nemo. Dolores commodi maiores neque. Sit natus ratione ducimus harum.',	'1992-10-13 07:29:08',	0,	0,	0),
(50,	52,	9,	'Enim eum voluptas mollitia recusandae deserunt sit minima qui. Pariatur tenetur ut porro ea omnis. Fugit molestiae quisquam beatae. Inventore sed occaecati distinctio aut.',	'2004-07-19 13:19:53',	0,	0,	0),
(51,	42,	12,	'Nostrum sint id consectetur dolore. Nihil ea et modi eligendi. Non quasi qui rem nesciunt distinctio ea.',	'2000-01-19 10:04:26',	0,	0,	0),
(52,	45,	11,	'Velit molestiae omnis corporis neque et aut. Dolor quibusdam qui ut ea. Tempora odit quisquam rerum et aut.',	'2012-01-11 15:24:34',	0,	0,	0),
(53,	33,	11,	'Iusto voluptatem quis saepe doloribus. Ab culpa omnis iusto. Ut atque dicta perferendis dolorum. Reiciendis omnis totam quia nobis aut rerum iste repellendus.',	'1975-07-17 21:06:03',	0,	0,	0),
(54,	40,	13,	'Earum quaerat amet quo illo nobis quis natus. Impedit quos corrupti pariatur iure magnam ut non. Ducimus fuga laboriosam est quos qui at.',	'2011-05-13 10:47:50',	0,	0,	0),
(55,	58,	13,	'Odit impedit neque culpa. Fugiat aliquam accusantium et quaerat. Omnis aperiam molestias et eligendi numquam eum.',	'2000-01-03 04:13:38',	0,	0,	0),
(56,	46,	13,	'Qui distinctio perferendis officia. Mollitia qui aliquid aut et et. Fuga dolores assumenda reiciendis eum.',	'1979-06-23 12:12:59',	0,	0,	0),
(57,	56,	9,	'Culpa aspernatur unde dolorem modi. Et illum distinctio sint neque qui eos ad.',	'2009-08-11 05:07:23',	0,	0,	0),
(58,	32,	11,	'Ut odit dolorum adipisci aspernatur eligendi porro. Vero voluptatem et perferendis doloribus aliquam blanditiis aut. Dolores quia recusandae iure cum laboriosam quo. Vel commodi nulla porro labore doloremque.',	'1977-12-20 02:11:47',	0,	0,	0);

TRUNCATE `doctrine_migration_versions`;
INSERT INTO `doctrine_migration_versions` (`version`, `executed_at`, `execution_time`) VALUES
('DoctrineMigrations\\Version20180726101537',	'2023-05-12 14:49:32',	257),
('DoctrineMigrations\\Version20180726124825',	'2023-05-12 14:49:32',	1),
('DoctrineMigrations\\Version20180727093357',	'2023-05-12 14:49:32',	36),
('DoctrineMigrations\\Version20180828095659',	'2023-05-12 14:49:32',	44),
('DoctrineMigrations\\Version20230519073002',	'2023-05-19 09:30:09',	61),
('DoctrineMigrations\\Version20230519073311',	'2023-05-19 09:33:31',	33);

TRUNCATE `question`;
INSERT INTO `question` (`id`, `user_id`, `title`, `body`, `created_at`, `votes`, `is_blocked`, `is_solved`, `active`, `updated_at`) VALUES
(30,	13,	'Cum quibusdam sunt eaque architecto quisquam omnis dolore nemo corrupti exercitationem ?',	'Possimus quod qui cupiditate porro et impedit ipsum porro. Quam neque aut suscipit ullam id. Quis alias voluptatibus illo ad ullam qui sunt. Laboriosam voluptate soluta aut voluptate et aliquam tenetur. Facere aliquid qui ut cumque eligendi fugiat eos. Provident porro minus et. Odit dolore et non.',	'2023-01-01 00:00:00',	0,	0,	0,	1,	'2023-05-18 00:00:00'),
(31,	14,	'Illo et qui fuga asperiores voluptatem qui doloribus est hic ?',	'Facere neque voluptas voluptatem quaerat officiis. Voluptatem quas debitis et in sed maxime. Aliquam ad in eligendi est. Necessitatibus quo voluptas quia. Vel ut quo minima ratione natus ut eligendi necessitatibus. Consequatur et in suscipit. Voluptatibus sit quaerat qui qui alias accusantium hic. Voluptatem nam excepturi architecto quia ducimus. Veritatis illo non repudiandae minus quam ipsa.',	'2023-01-01 00:00:00',	0,	0,	0,	1,	'2023-04-01 00:00:00'),
(32,	9,	'Tempora dolores sit porro placeat accusamus eum ?',	'Qui pariatur sunt et quis eaque est sint. Omnis voluptas quos eaque distinctio quia optio. Eveniet iste aut enim inventore officiis et. Sint totam nesciunt et ipsa. Tempore rem quos earum. Sed aut laborum quo consequuntur accusantium. Quidem unde voluptates animi quod minus similique odit eos. Quia a qui perspiciatis voluptas tenetur occaecati et. Eos saepe doloremque quisquam eos dolorem similique.',	'2023-01-01 00:00:00',	0,	0,	0,	1,	'2023-05-12 00:00:00'),
(33,	12,	'Sit deserunt quasi consequatur aut vel ?',	'Officiis fugiat voluptatem et veritatis. Facilis quod explicabo esse voluptate. Et doloremque porro accusamus nesciunt omnis. Deleniti reprehenderit est ipsa odit delectus ex sapiente. Vel perspiciatis tempora nobis illo amet. Voluptate omnis nihil et animi non libero non. Voluptatem incidunt nostrum et excepturi.',	'2023-01-01 00:00:00',	0,	0,	0,	1,	'2023-05-11 00:00:00'),
(34,	14,	'Voluptas voluptatem repellat delectus delectus tempore culpa consequatur ?',	'At officiis a officiis iste rerum dolorum enim tenetur. Dignissimos non voluptas laboriosam voluptatibus cum nostrum. Impedit explicabo vel porro quis. Dolores ut omnis et quam quaerat. Omnis sit velit voluptas dolores. Eum aspernatur magnam expedita quos magnam. Eligendi est quo ipsa quia eveniet vitae cum ducimus. Maiores soluta corrupti qui sequi aut.',	'2023-05-18 00:00:00',	0,	0,	1,	1,	NULL),
(35,	9,	'Nihil consectetur quibusdam eos voluptas blanditiis sapiente officia eos similique et voluptas ?',	'Sequi aperiam molestiae rerum totam et officiis. Cumque laudantium veritatis ullam quos ratione occaecati delectus. Exercitationem eum dolores porro aut voluptatem quia quas. Sint rerum et velit magni tempore quis. Sit consectetur est laborum. Eaque ratione et soluta rerum magnam.',	'2023-04-01 00:00:00',	0,	0,	0,	1,	NULL),
(36,	10,	'Eos quis aliquid doloremque aut non esse dolor ?',	'Sit minima enim nihil sint. Amet officia ipsum alias alias. Quia et facere molestiae eius ipsam aliquam. Et accusantium consectetur quidem. Sed fugit vero sed aut dolore. Et nihil fugiat nam blanditiis sed molestiae distinctio. Aut totam doloremque aliquid a ut. Esse ducimus et vitae nisi illo perferendis. Unde commodi enim excepturi sit consequatur vitae expedita omnis.',	'2023-05-12 00:00:00',	0,	0,	0,	1,	NULL),
(37,	12,	'Rerum dolores possimus molestias earum ut quis neque ?',	'Est eos molestiae aperiam totam et pariatur accusamus. Dolores alias voluptatem commodi accusantium aut mollitia sit cum. Magnam ut aut rem. Velit debitis aliquam a impedit alias excepturi est.',	'2023-05-11 00:00:00',	0,	0,	0,	1,	NULL),
(38,	11,	'Ut sed dolores rerum odit excepturi suscipit ?',	'Voluptas nihil repellat illo dolores quasi omnis rem sint. Ipsam numquam quae quis provident numquam quibusdam. Praesentium quidem est est. Quia voluptas blanditiis atque aut aliquam et. Tempora explicabo sunt libero. Enim totam molestiae amet voluptate ea. Quis voluptatem nihil nihil et. Aspernatur ut fugiat blanditiis dolor.',	'2023-01-01 00:00:00',	0,	0,	0,	0,	'2023-04-01 00:00:00'),
(39,	13,	'Dolores accusamus odio ab quibusdam aut debitis ?',	'Consequatur sunt et temporibus. Aperiam labore esse rerum vitae quaerat velit reiciendis. Reprehenderit et autem enim assumenda. Vel pariatur natus iste error. Velit distinctio qui aut quibusdam repellendus. Non quibusdam explicabo non omnis quia quia. Nihil voluptatem dolorum quo quod quibusdam tempora molestiae.',	'2023-01-01 00:00:00',	0,	0,	0,	0,	'2023-05-18 00:00:00'),
(40,	8,	'Itaque in molestiae velit ducimus et tenetur maxime ?',	'Alias est ut delectus rem eligendi autem. Et et et dolore et illo optio autem. Et nulla in odio sit similique consequuntur earum. Quo et expedita a at aut velit voluptatem. Est sequi debitis voluptatum. Voluptatem earum debitis alias alias adipisci quod non.',	'1980-10-07 01:32:20',	0,	0,	0,	1,	NULL),
(41,	8,	'Est recusandae natus ut et sint inventore ?',	'Non fugiat voluptatibus officia facilis incidunt dolorem. Voluptatum id rerum non est voluptates. Enim consequatur ipsum est ipsam eos quia. Eaque et illo velit. Eius nam et quibusdam unde sint odio voluptates. Non suscipit magnam est nulla at magni laboriosam nihil.',	'1980-04-12 07:54:27',	0,	0,	0,	1,	NULL),
(42,	12,	'Qui voluptatem tenetur dicta nesciunt et odio et eos ?',	'Natus debitis similique quia nesciunt minus rem. Placeat est est adipisci. Maiores accusamus est veritatis repellendus blanditiis nobis. Reiciendis quas est numquam id et voluptas. Dolores vero fuga quibusdam omnis veniam laboriosam. Qui veritatis voluptatum ut. Minima occaecati iure vitae quasi.',	'1989-01-02 09:43:06',	0,	0,	0,	1,	NULL),
(43,	10,	'Voluptatum vel fugiat pariatur quas temporibus fugit est fugiat ad consequatur ?',	'Eligendi ab expedita blanditiis rerum dolorem voluptatum itaque. Repudiandae dolor voluptas et explicabo quis. Eaque maxime pariatur quis. Quos tenetur voluptas aut pariatur sed. Quisquam iure dolor quam consequatur eos ratione enim quod.',	'2020-10-26 01:28:16',	0,	0,	0,	1,	NULL),
(44,	13,	'Modi ea accusantium corrupti laborum qui assumenda soluta porro ?',	'Facilis aut hic enim et a natus similique. Est nostrum voluptas voluptas. Praesentium adipisci voluptas sit explicabo. Non non enim voluptas repellat nostrum enim voluptates.',	'2019-08-02 11:25:39',	0,	0,	0,	1,	NULL),
(45,	11,	'Alias occaecati expedita id veniam delectus architecto a maiores perferendis et magnam ?',	'Aut ratione et fuga aut rem accusantium. Molestiae sapiente excepturi ea quibusdam. Et nam ut veniam nam deserunt esse commodi. Illum corporis dolores perspiciatis maxime similique dolorem vero voluptatem. Asperiores molestias voluptatum maxime eos sit. Maxime placeat delectus expedita pariatur mollitia vitae.',	'2022-02-15 08:28:07',	0,	0,	0,	1,	NULL),
(46,	11,	'Accusamus tempore veritatis debitis facilis recusandae mollitia quos maxime qui expedita veritatis ?',	'Libero sint nisi non porro. Laudantium rerum qui rerum sed in aut. Nam in deleniti similique dolor magnam et autem. Dolorum eveniet voluptatum perferendis ab. Quibusdam ut quis voluptatem deleniti vitae omnis officiis. Repudiandae quibusdam soluta quia corrupti.',	'2018-04-15 18:36:34',	0,	0,	0,	1,	NULL),
(47,	14,	'In eum cum aut fugiat ipsa ?',	'Sed non minus reiciendis labore similique ducimus tempore. Necessitatibus id voluptas exercitationem incidunt. Minus laboriosam eum est tempore. Similique assumenda soluta iste culpa amet. Ut quisquam et nisi dolorem.',	'1993-12-15 11:46:13',	0,	0,	0,	1,	NULL),
(48,	10,	'Nesciunt sit provident eum quia alias sint ?',	'Ut sed voluptatem expedita dignissimos et assumenda autem aliquid. Error qui voluptatibus corporis et. Exercitationem tempore accusamus officiis quia voluptates qui. Sed mollitia aperiam animi beatae. Eaque debitis minus aut consectetur inventore est mollitia ut.',	'1976-05-17 16:29:31',	0,	0,	0,	1,	NULL),
(49,	12,	'Et hic qui sapiente ea maxime et minus ?',	'Maiores cupiditate est ipsam voluptatibus nemo eos. Sed eos sed ducimus blanditiis eum adipisci. Accusamus omnis ipsum quia ut vitae molestias sed. Non cupiditate qui voluptatem esse. Ea provident ducimus quasi pariatur consequatur. Voluptatum dolorum soluta ad cum earum. Iure animi maiores voluptates quae. Quo et rerum nobis provident ex exercitationem eos. Molestias natus laudantium sit labore aut iure.',	'2008-09-24 04:46:34',	0,	0,	0,	1,	NULL),
(50,	12,	'Accusantium quod rerum et distinctio necessitatibus sed et veniam aut dolorem non et ?',	'Sed expedita expedita facilis. Cumque possimus voluptas aut sit qui quia laudantium. Eligendi necessitatibus qui id sed quia molestiae repudiandae. Dolorem sit cupiditate occaecati sunt. Enim voluptatem tempore incidunt reprehenderit est.',	'2000-02-09 04:18:09',	0,	0,	0,	1,	NULL),
(51,	11,	'Amet laborum maiores laboriosam omnis perferendis voluptas enim repellendus iure necessitatibus animi ?',	'Facilis officiis sed molestiae magnam aperiam vitae sit. Amet exercitationem culpa sapiente recusandae. Distinctio et vel aut et necessitatibus. Consequatur maxime unde minus adipisci. Cumque commodi debitis ut eveniet fugiat. Non quia reiciendis deserunt facere sunt.',	'2007-02-12 19:03:28',	0,	0,	0,	1,	NULL),
(52,	13,	'Officiis nesciunt facilis eius omnis et aut ad est hic perferendis excepturi ?',	'Consequuntur officiis quod ipsa maxime. Sit reprehenderit voluptatem delectus. Enim voluptatem iure est dolorem ad. Amet ducimus et debitis dolor et voluptatem suscipit. Voluptatibus labore quis enim aspernatur qui quaerat officiis. Perspiciatis velit dicta doloribus.',	'1982-07-08 02:14:14',	0,	0,	0,	1,	NULL),
(53,	14,	'Voluptas qui sit voluptatem voluptas est iure excepturi at ?',	'Officia possimus beatae magnam eum quibusdam. Aperiam accusamus mollitia optio quaerat. Deleniti adipisci repellendus reiciendis cumque. Quis voluptas omnis sint dolores voluptatem dolor molestias. Ut quis maxime autem esse deleniti. Saepe eveniet assumenda vitae consequatur.',	'2016-04-03 22:47:23',	0,	0,	0,	1,	NULL),
(54,	11,	'Dolorum esse quod itaque est sit porro sunt ?',	'Quasi cumque tempore ut voluptas dolorem. Nesciunt beatae expedita omnis expedita. Est qui iusto in numquam sed consequatur veniam impedit. Id placeat quia provident. Ipsa nihil cum enim laudantium numquam accusantium asperiores. Corporis esse temporibus fugiat earum explicabo aliquid doloremque. Nihil occaecati consequatur velit. Cumque quod ipsa ut aut molestias repellat.',	'1990-09-06 03:35:11',	0,	0,	0,	1,	NULL),
(55,	12,	'Et et est voluptatem placeat ea ?',	'Eveniet minus commodi quam consectetur suscipit animi rerum consequuntur. Voluptas quia officia velit voluptatem saepe sit quae. Consequatur officia aut dolorem dolores nisi eligendi. Perspiciatis porro magni enim iusto. Explicabo ut distinctio eveniet qui ratione. Nisi ut doloremque repudiandae iure similique reprehenderit reprehenderit. Ex ab suscipit consectetur excepturi perspiciatis. At maiores officia repellat doloremque.',	'1994-08-09 20:25:44',	0,	0,	0,	1,	NULL),
(56,	11,	'Magnam rerum tempore est et qui ?',	'Fuga illum eos quia incidunt harum quo et. Est facere molestias eveniet. Voluptatem fuga qui sint sint. Ut minus quo hic non natus. Enim vitae ut asperiores ut. Necessitatibus unde praesentium facere asperiores fuga labore deserunt laudantium. Rerum deserunt dolores qui impedit omnis ex. Sit doloremque expedita id non vel error omnis. Reprehenderit quia est qui quaerat nulla repudiandae quasi laborum.',	'1984-04-05 07:56:00',	0,	0,	0,	1,	NULL),
(57,	10,	'Voluptas omnis nesciunt rerum cumque et dicta esse omnis voluptas iure repellat ?',	'Impedit non laboriosam doloribus illum illo earum. Autem vitae aut nesciunt quas nulla alias. Neque veniam dolorem officia voluptatem quidem a. Ipsa exercitationem laboriosam quia eos perferendis necessitatibus quia. Voluptatum possimus inventore voluptas quia illum velit.',	'1978-04-12 19:25:57',	0,	0,	0,	1,	NULL),
(58,	10,	'Facilis ipsam distinctio eaque voluptas et ?',	'Quasi enim repellat quod autem nihil aut non. Aperiam fugiat voluptatem optio quasi quia sint voluptas. Esse quisquam quia nesciunt ratione. Debitis magni numquam voluptates placeat amet eveniet. Quibusdam occaecati perferendis sed. Iste iste voluptatem sapiente voluptas.',	'1996-04-16 19:21:59',	0,	0,	0,	1,	NULL),
(59,	9,	'Le fameux titre de la mort qui tue',	'blablablablablablablablablablablablablablablablablablablablablablablablablablablablablabla\r\nblablablablablablablablablablablablablablablablablablablablablablablablablablablablablabla\r\nblablablablablablablablablablablablablablablablablablablablablablablablablablablablablabla\r\nblablablablablablablablablablablablablablablablablablablablablablablablablablablablablabla\r\nblablablablablablablablablablablablablablablablablablablablablablablablablablablablablabla',	'2023-05-15 14:45:45',	0,	0,	0,	1,	NULL),
(60,	9,	'Ma belle question',	'du contenu du contenu\r\ndu contenu du contenu\r\ndu contenu du contenu\r\ndu contenu du contenu\r\ndu contenu du contenu\r\ndu contenu du contenu',	'2023-05-15 15:13:33',	0,	0,	0,	1,	NULL);

TRUNCATE `question_tag`;
INSERT INTO `question_tag` (`question_id`, `tag_id`) VALUES
(30,	12),
(30,	18),
(31,	13),
(31,	15),
(31,	18),
(32,	13),
(32,	16),
(33,	10),
(34,	10),
(35,	14),
(36,	16),
(36,	17),
(37,	10),
(37,	16),
(38,	12),
(39,	11),
(40,	14),
(40,	15),
(40,	17),
(41,	17),
(42,	13),
(43,	13),
(43,	16),
(43,	17),
(44,	16),
(45,	10),
(45,	13),
(45,	16),
(46,	13),
(46,	15),
(46,	17),
(47,	15),
(47,	17),
(47,	18),
(48,	12),
(49,	10),
(49,	16),
(50,	11),
(50,	12),
(50,	14),
(51,	13),
(52,	12),
(53,	11),
(53,	16),
(53,	17),
(54,	14),
(55,	12),
(55,	15),
(56,	10),
(56,	11),
(56,	18),
(57,	11),
(58,	11),
(58,	16),
(59,	15),
(59,	18),
(60,	10),
(60,	12);

TRUNCATE `role`;
INSERT INTO `role` (`id`, `name`, `role_string`) VALUES
(4,	'Administrateur',	'ROLE_ADMIN'),
(5,	'Modérateur',	'ROLE_MODERATOR'),
(6,	'Utilisateur',	'ROLE_USER');

TRUNCATE `tag`;
INSERT INTO `tag` (`id`, `name`) VALUES
(10,	'rerum'),
(11,	'et'),
(12,	'esse'),
(13,	'enim'),
(14,	'laborum'),
(15,	'incidunt'),
(16,	'repudiandae'),
(17,	'cumque'),
(18,	'rem');

-- 2023-05-19 07:41:17